u + 116 = -4*q, q = 5*q + 2*u + 108. Let m = q - -75. Calculate the remainder when m is divided by x.
13
Suppose 0 = 3*v + 5*t - 43, v + 5*t = -v + 22. Calculate the remainder when 1609 is divided by v.
13
Let s = 8 - -54. Suppose 126 = 4*l - 2*r, -3*l - 2*r - 3*r + s = 0. Suppose l = -7*b + 64. Calculate the remainder when 21 is divided by b.
1
Calculate the remainder when 42/(-4)*(-12 - (13 + 3318/18)) is divided by 110.
108
Let r be (-1 - -17)*(-2)/4. What is the remainder when 57 is divided by ((2*-20)/(-2))/(r + 10)?
7
Let a(i) = -168*i + 10233. Calculate the remainder when a(-64) is divided by 106.
103
Let h(m) = -217*m - 43. Let k be h(-1). Suppose k = 4*i + 142. What is the remainder when 374 is divided by i?
6
Let a(f) = -f + 11. Let d be a(6). Suppose -s - 3 = 2*s, d*x = -4*s + 81. Let r(m) = -15*m - 12. What is the remainder when r(-5) is divided by x?
12
Suppose -75 = -34*n + 31*n. Let w = -10 + n. What is the remainder when (1 + 27)*(5 + -3) is divided by w?
11
What is the remainder when 8457 is divided by ((-1)/4)/((-19)/836)?
9
Let j be 2/(-12) - ((-19)/6 - -7). Let o be (j*5/(-4))/(1 + 0). Let l = o + 105. Calculate the remainder when l is divided by 38.
34
Let g(s) = -24*s - 9. Let p = -48 - -50. Let m be g(p). Let y = 69 + m. Calculate the remainder when 59 is divided by y.
11
Suppose 76*d + 307 - 14747 = 0. What is the remainder when d is divided by 28?
22
Suppose 2028 = 145*d - 14*d + 325. Let l be 6*(1 - 4) - -2. Let b = -9 - l. Calculate the remainder when d is divided by b.
6
Let q = 38 - -1. Let i be (0 + q - 1)*2/4. Suppose 5 - i = -x. What is the remainder when x is divided by 8?
6
Let w be (-1 - -2)/((-9)/(-45)). Suppose w*n - 4*z - 82 = 0, -2*n - 4*z = -n - 26. Calculate the remainder when n is divided by 0 + (-7 + -9)/(-4).
2
Let n(q) = q**2 + 4*q - 5. Let d be n(-5). Suppose -z - 3*z - 4 = d. Calculate the remainder when (-2)/(8/(-492)) + 4*z is divided by 30.
29
Let o = 16562 + -15889. What is the remainder when o is divided by 101?
67
Suppose 32 = q + 74. Let f = -34 - q. What is the remainder when 2/f - (-632)/32 is divided by 7?
6
Suppose -19*g - 17*g = -25884. Calculate the remainder when g is divided by 71.
9
Let p = 7422 - 7372. What is the remainder when 595 is divided by p?
45
Suppose -45*z - 55*z + 564 = -94*z. What is the remainder when z is divided by 54?
40
Suppose -22 - 14 = -3*a. Calculate the remainder when 215/5*((2 - -5) + -6) is divided by a.
7
Suppose 0 = -4*s - 740 - 748. Suppose 3*v + d - 76 = 0, d = -v + 5*d + 47. Calculate the remainder when 27 is divided by (s/v - 2/9)/(-2).
6
Suppose 2458 = 3*i - 3*g + 451, -5*g = -4*i + 2669. What is the remainder when i is divided by 179?
139
Let x be (-2)/9 - 228/(-54). Suppose 0*c + 2*l = -c + 2, 2*c - l = x. Calculate the remainder when c is divided by (6/(-9))/((-5)/45*3).
0
Let w(y) be the second derivative of -y**4/12 - 11*y**3/2 + 143*y**2/2 + y - 7. Calculate the remainder when w(-32) is divided by 60.
55
Suppose 4*d + d = 10. Suppose -j = -2*v + 1 + 13, -d*v = -4*j - 2. Suppose -18*u + v*u + 99 = 0. What is the remainder when 140 is divided by u?
8
Suppose -387 = -3*z + 3*w + 3, -z = 2*w - 109. What is the remainder when 137 is divided by z?
14
Let i(n) = -4*n**2 + n - 2. Let r be i(3). Let s be ((-85)/r - 3) + (-697)/(-7). Suppose -5*y + s = -331. What is the remainder when y is divided by 22?
20
Let m be -10 - -2 - 2 - 4. Calculate the remainder when (2232/(-42))/(4/m) is divided by 12.
6
Suppose 8 = 4*z, 0*z - 154 = -2*l - 3*z. Let u(m) = -14*m + 21. Let k be u(6). Let b = k + 74. Calculate the remainder when l is divided by b.
8
What is the remainder when 139 is divided by 128/10 + 11/55?
9
Let z = -154 - -175. What is the remainder when 114 is divided by (6/1 - -1)*60/z?
14
Let l(n) = 16*n**2 + 99*n + 286. Calculate the remainder when 55724 is divided by l(-3).
130
Let w(y) = 2*y**2 + 315*y - 2248. Calculate the remainder when 9016 is divided by w(7).
51
Suppose -4*l + p + 298 = 0, -5*p = l - 2899 + 2856. What is the remainder when 1715 is divided by l?
36
Let w = 8 + 48. Let f = 54 - 52. Let a = f - -17. Calculate the remainder when w is divided by a.
18
Let d be ((-3)/((-30)/208))/(38/95). What is the remainder when 592 is divided by d + (-3)/(3/(-4)) + -2?
52
Let t(u) = 2*u**3 + 17*u**2 + 10*u + 5. Let y = 52 - 59. Let l(k) = k**3 - 6*k**2 - 6*k + 10. What is the remainder when t(y) is divided by l(7)?
14
Let z be (-7)/(-2) + (1/(-2))/1. What is the remainder when (2/(6 + -4))/(z/357) is divided by 20?
19
Suppose 657 = 8*w - 5343. Calculate the remainder when 8 + w/18 + (-4)/6 is divided by 13.
10
Let d(v) = -v**3 - 6*v**2 + 6*v - 5. Let z be d(-7). Suppose 0 = -2*u + 10, -15*t + 12*t = -z*u - 68. Calculate the remainder when t is divided by 7.
5
Let v be 2/(((-6)/(-15))/1). Suppose -q = v*r - 102, -15 = -3*r + 2*r - 2*q. Suppose 0 = -4*o + 279 + 49. What is the remainder when o is divided by r?
19
Suppose -2 = -5*v - 7, 2*x + 4*v = -1452. Let f = x - -759. What is the remainder when -1 + (71 - 1) + -1 is divided by f?
33
Suppose -z = 4*s + 36, 3*z - z + 9 = -s. What is the remainder when ((-6)/s)/1*51 is divided by 3/7*1/(1/7)?
1
Let r(m) = -2*m**3 - 36*m**2 - 25*m + 171. What is the remainder when 1726 is divided by r(-17)?
16
Suppose -72 - 36 = -3*f. Suppose 2 = -2*b + f. Calculate the remainder when -1 + 6 - 41/((-3)/3) is divided by b.
12
Suppose 7*v = -11*v + 3474. Suppose 610 = -188*r + v*r. Calculate the remainder when r is divided by 21.
17
Suppose -174 = -45*o - 13*o. Suppose 1376 = 2*t + 2*p, 2*t + o*p - 1392 = 5*p. Calculate the remainder when t is divided by 63.
62
Let f(b) = b**3 - 28*b**2 - 9*b + 350. What is the remainder when 2113 is divided by f(28)?
55
Let t(u) = -4*u + 112. Let q be t(23). Suppose 0 = 4*n + 4*d - q, -3*d + 5*d = -4. Calculate the remainder when 31 is divided by n.
3
Suppose 0 = -3*p - 60*a + 61*a + 17114, 0 = -3*p - 5*a + 17156. Calculate the remainder when p is divided by 33.
31
Let t = 1976 + -1849. Let m = 9 - 5. Suppose m*u = 5*u - t. Calculate the remainder when u is divided by 65.
62
Suppose 3*o = 14*o - 715. Let q = 52 - 49. Suppose -2*l + q*l - 3*f = 40, -2*l = -3*f - 74. Calculate the remainder when o is divided by l.
31
Calculate the remainder when ((-212)/(-12))/(21/92295*5) is divided by 167.
165
Let v = 33069 + -28210. What is the remainder when v is divided by 34?
31
Let q(t) = -2*t**2 - 16*t + 440. Calculate the remainder when 1011 is divided by q(11).
21
Calculate the remainder when ((-1)/2)/(17 - 1650075/97062) is divided by 461.
6
What is the remainder when ((-92)/10)/(49/(113925/(-62))) is divided by 116?
113
Suppose -27*s + 6 = -25*s. Suppose -2*r - s = -r, 2*c + 2*r = 2. What is the remainder when 121 is divided by (1 - 10/c)/((-3)/82)?
39
Let p(z) = -4*z - 70. Let a be p(-19). Calculate the remainder when a/(-9)*(-1)/(2/1113) is divided by 75.
71
Let j(n) = 2*n**2 - 21*n - 82. Let c be j(13). Let p(h) = -70*h - 112. What is the remainder when p(c) is divided by 13?
12
Let z(h) = 3*h**3 + 8*h**2 - 14*h + 7. Let t be z(-7). Let w = t - -598. What is the remainder when 196 is divided by w?
64
Let z(t) = 22*t - 293. Suppose 43*j = 45*j - 14. Calculate the remainder when z(14) is divided by j.
1
Suppose 2*a - 4*n = 4 + 4, 0 = -n. Suppose 176 + 48 = -a*f. Let s = f - -62. What is the remainder when 71 is divided by s?
5
Let f = -4 - 9. Let k = 39 + f. Calculate the remainder when (-57)/6*(-5 - 3) is divided by k.
24
Suppose 3*g = -114 - 174. Let h = -9 + g. Let c = h - -114. What is the remainder when 17 is divided by c?
8
Let o(i) = i**2 + 14*i - 9. Suppose 0 = -c + 5*m - 44, c - 14 + 49 = 2*m. Let g = -21 - c. Calculate the remainder when o(g) is divided by 34.
31
Suppose -4*u + 5*t = -11 - 291, -2*u + 4*t = -148. Calculate the remainder when 45 is divided by (-40)/(-6)*351/u.
15
Suppose 1612*k + 45 = 3239*k - 1618*k. What is the remainder when 9727 is divided by k?
2
Let m = -35 + 64. Suppose -i + 20 = 4*i, 0 = 4*t + 3*i + 52. Let u = t + m. Calculate the remainder when 75 is divided by u.
10
Let z(n) = -n**3 + 12*n**2 + 4*n - 16. Let y be -18*2/(-4 + (-4)/(-4)). Let h be z(y). Suppose -40 - h = -3*l. What is the remainder when 91 is divided by l?
19
Suppose -6 = -8*n + 10*n. 